- 0) - -3. Let l = -85 + 64. Let b be (-6)/(2/4*l/56). Calculate the greatest common factor of b and v.
8
Let o = -12 + 40. Let v(b) = b**3 + 3*b**2 - 12*b - 29. Let x be v(-4). Let g(f) = 2*f**2 + 10. Let p be g(x). What is the highest common factor of o and p?
28
Let u = 51 - 109. Let l = -36 - u. Calculate the highest common factor of l and 176.
22
Suppose 4*b + 17*b = 1848. Let z = 248 + b. Calculate the highest common factor of 84 and z.
84
Let x(y) = 4*y**2 + 36*y. Let t(j) = -5*j**2 - 36*j - 2. Let a(m) = 3*t(m) + 2*x(m). Let u be a(-4). What is the highest common factor of 494 and u?
26
Suppose -277 + 34 = -3*h. Let z = -18 + 27. Calculate the greatest common factor of h and z.
9
Let g be ((-661)/8*-2)/(73/292). Calculate the greatest common divisor of g and 1.
1
Let p be 1/(-10)*0 + 16. Calculate the highest common divisor of p and 64.
16
Suppose -9*z = -2076 - 1290. Calculate the greatest common divisor of z and 66.
22
Suppose 0 = 2*f + 6 + 4. Let t(d) = -302441*d + 6 - 1 + 302439*d - 3*d**2 + 0*d**2 + 4*d**2. Let i be t(f). What is the highest common divisor of 16 and i?
8
Suppose 26*w = 30*w + 5*c - 394, -5*w - 4*c = -488. Let l be -2 - (44/8 - 3)*-2. What is the greatest common divisor of w and l?
3
Let f be ((-6)/12)/(1/2) - -6 - -3835. Calculate the greatest common divisor of f and 30.
30
Let b = -339 - -341. Suppose j - 1821 = -4*q + 1132, q - b*j = 727. Calculate the highest common divisor of 11 and q.
11
Let u(l) = 21*l**2 - 166*l - 81. Let q be u(14). Calculate the highest common factor of q and 261.
29
Suppose 0*m - 8*m = -88. Suppose 0 = x - 4*u - 105, -5*u = 34*x - 36*x + 222. What is the greatest common factor of m and x?
11
Suppose -5*b = -5*w - 390, 76 = 3*w + 85. Calculate the highest common factor of b and 100.
25
Let j = 3331 + -3322. Calculate the greatest common factor of j and 1782.
9
Let q = -625 + 607. Let k be (-12)/q + (-759)/(-9). What is the highest common factor of k and 40?
5
Suppose -3*c + 168 = 3*l, 0 = 2*c + 5*l - 32 - 92. Let h = 732 + -715. Let o be (h/15 - (-102)/(-765))*13. What is the greatest common divisor of c and o?
13
Let d be ((-8)/10)/(2/(-10)). Let h be 3/(-12) - (-25)/d. Suppose h*a = -0*a + 66. What is the highest common divisor of a and 44?
11
Suppose -5*u + 702 = -3*g, g = 2*g + 4. Let o = u - 96. Suppose 5*i - o = 68. What is the greatest common divisor of i and 176?
22
Let r(t) = 4*t**2 + 33*t + 867. Let u be r(-17). Calculate the greatest common factor of 215 and u.
43
Suppose -11*i + 2*i = -270. Suppose 5*r = x - 0*r - 100, 3*x = 2*r + 235. Calculate the greatest common factor of i and x.
15
Suppose o = -0*o + 50. Suppose l + 5*y + 0*y = o, 2*l - 2*y = 52. Let k be (-12)/8*(0 - 30). Calculate the greatest common divisor of k and l.
15
Suppose -27*f + 22*f + 2*u + 8736 = 0, -2*f = -u - 3493. What is the greatest common divisor of 5000 and f?
250
Suppose 959 = 6*r + 941. Suppose 4*n + 8 = 4*w, n + 5*w - 25 = -r. What is the greatest common factor of 82 and n?
2
Let a(q) = q**3 - 5*q**2 + 3. Let v be a(5). Let u be (14/(-4))/(9/(-342)*-1). Let p = u - -172. Calculate the highest common factor of p and v.
3
Suppose -9*b - 7*b + 17*b - 245 = 0. Let g be (5/3)/(2/42). Calculate the highest common divisor of g and b.
35
Suppose w + 9 = -g + 3*g, -g = w + 3. Let x be (-110)/(-33) + 8/(-6) - -48. Let y = x + g. Calculate the highest common divisor of y and 13.
13
Suppose 1396*o - 1387*o - 261 = 0. Suppose 0*n + 232 = n. What is the greatest common factor of o and n?
29
Suppose 5*x + 2*j = 464, 229*j + 325 = 4*x + 224*j. Calculate the greatest common divisor of 13680 and x.
90
Let h be (60/((-24)/(-4)))/2. Suppose -5*x - h*w = -75, 51 = 2*x + 5*w + 12. What is the greatest common divisor of x and 192?
12
Let k = 13554 - 13394. Calculate the greatest common factor of k and 6880.
160
Let i = -32 - -180. Suppose -3*l = -i - 32. What is the highest common divisor of l and 330?
30
Let k(p) = 2*p**3 - 71*p**2 + 68*p - 1001. Let t be k(35). Calculate the greatest common divisor of t and 1358.
14
Let r = -14117 + 14134. Let x(d) = -27*d + 5. Let y be x(-8). What is the greatest common factor of y and r?
17
Let x be 20/(-4) + (-2)/6*(-2097)/3. What is the highest common factor of 3762 and x?
114
Let g(r) = 230*r - 3. Let k be g(-2). Let c = 823 + k. Suppose 4*h - c = h. Calculate the greatest common divisor of 15 and h.
15
Let i = 15109 - 219. What is the highest common factor of 10 and i?
10
Let d(c) = c**3 + 4*c**2 - 3*c + 22. Let y(z) = 14*z + 37. Let m be y(-3). Let i be d(m). Calculate the greatest common divisor of 192 and i.
12
Suppose a = 2*a - 4. Let h be (a/(-5))/(13/(-5980)). What is the highest common factor of h and 46?
46
Suppose 0*s + 3*s - 126 = 0. Let l = 93 - 126. Let j be l/12 + 3 - 444/(-16). What is the greatest common divisor of j and s?
14
Let b(g) = -g**2 + 8*g - 16. Let j be b(4). Suppose j*h + 3*h - 6 = 0. Suppose -5*k + 7 + 8 = 0. Calculate the highest common divisor of h and k.
1
Suppose 4*p - x - 13 = -0*x, 0 = -4*x + 12. Suppose 125*r = 127*r - p. Let q be (-65)/r*234/(-65). Calculate the greatest common factor of 13 and q.
13
Let m(c) = -5055*c + 15. Let r be m(1). Let z be (-3)/5 - (r/25 + 3). Calculate the greatest common factor of 18 and z.
18
Suppose 612 = 682*x - 679*x. Suppose 171 = 3*w - 2*k + 47, 2*k + x = 5*w. What is the highest common divisor of 15 and w?
5
Suppose -2*m = -4*b - 14, 3*b - 2*m = -55 + 44. Let w be (-310)/21*b - 10/35. What is the highest common divisor of w and 33?
11
Suppose 5*p - 18*q + 1452 = -15*q, 0 = -3*p + q - 868. Let i = -256 - p. Calculate the highest common factor of i and 80.
16
Let s = 761 - 409. Let o be 132/((1/13)/(14/91)). Calculate the greatest common factor of s and o.
88
Let k be 30656/56 - -8 - (-6)/(-14). Suppose 18*u - k = 3*u. Calculate the greatest common divisor of 111 and u.
37
Suppose 2*c - 332 = -4*d, 2*d = 3*d. Let i = c - 2. Suppose i*s = 162*s + 96. What is the highest common divisor of 12 and s?
12
Suppose -8 = -3*w - 2. Suppose -8*p + 39 = 47. Let m be (-5)/((-10)/32) + (p - 1). Calculate the greatest common factor of w and m.
2
Let g(j) = -j**3 + 11*j**2 + 4*j + 13. Let f be g(9). Suppose -537 - f = -11*w. Calculate the highest common factor of w and 17.
17
Let s be -10*(-15)/10 - -1. Suppose 0 = 4*t - s - 0. Suppose -3*v - h + 72 = 0, 3*v = t*v - h - 20. What is the greatest common divisor of v and 23?
23
Let y(h) = -697*h + 2058. Let a be y(-5). Calculate the greatest common factor of 46 and a.
23
Let b(w) be the third derivative of w**6/120 - w**5/60 + 7*w**4/24 - 5*w**3/2 + 3*w**2 + 6*w. Let t be b(2). Calculate the greatest common divisor of t and 17.
1
Let z = 47 - -52. Suppose 0*p - z = -3*p. Let y(a) = -215*a + 2806. Let s be y(13). What is the greatest common divisor of p and s?
11
Suppose 26*r - 7701 - 23499 = -174*r. Calculate the highest common factor of r and 162.
6
Let b be (6 + -8)*258/(-4). Let v be -2 + 356/(-12)*-3. Let p = b - v. What is the greatest common factor of p and 6?
6
Let w = 843 - 813. Let o be -25*((-222)/w + 5). Suppose x = 5*s - 2 + 13, 2*s = 3*x - 98. Calculate the greatest common factor of x and o.
12
Suppose -92*s + 85*s = 1218. Let h = 251 + s. Calculate the highest common factor of 21 and h.
7
Let y be ((-8)/18)/((-6)/54). Suppose -y*x + 0 + 12 = 0. Suppose -x*v = 51 - 159. Calculate the highest common factor of 108 and v.
36
Suppose -h + 2303 = 1183. Calculate the highest common divisor of h and 175.
35
Suppose 0 = -148*f + 208*f - 72600. What is the greatest common factor of f and 40?
10
Let y(a) = 15*a - 32. Let b be y(4). Suppose -16*l = -b*l + 960. What is the highest common factor of 200 and l?
40
Let u = 492 - 444. Calculate the highest common factor of 69 and u.
3
Let j(c) = 80*c - 3586. Let g be j(45). Let n = -3 + 4. Let m be (-155)/(1/(-1)) - n. What is the greatest common divisor of g and m?
14
Let g be (-3)/2*(-4 - -2). Suppose g*i = -2*i + 35. Let r be (-28)/(-12) - 3 - (-321)/9. What is the highest common factor of i and r?
7
Let d(j) = -j**3 - 13*j**2 - 10. Let i be d(-13). Let o be (-1 + 1)*i/(-20). Suppose 6*r + 7*r - 1092 = o. What is the highest common divisor of r and 21?
21
Let g(b) = 116*b + 581. Let v be g(36). What is the highest common facto